{"id":6581,"date":"2019-09-25T15:12:07","date_gmt":"2019-09-25T14:12:07","guid":{"rendered":"https:\/\/quartier-pouvourville.fr\/web\/?page_id=6581"},"modified":"2025-08-14T10:39:52","modified_gmt":"2025-08-14T09:39:52","slug":"politique-de-confidentialite-du-cslp","status":"publish","type":"page","link":"https:\/\/quartier-pouvourville.fr\/web\/politique-de-confidentialite-du-cslp\/","title":{"rendered":"Politique de confidentialit\u00e9 du CQSLP"},"content":{"rendered":"<h2>Qui sommes-nous\u00a0?<\/h2>\r\n<p>Ce site est celui du Comit\u00e9 de Quartier, Sports et Loisirs de Pouvourville et l\u2019adresse de notre site Web est : http:\/\/quartier-pouvourville.fr\/web.<\/p>\r\n<h3><!-- \/wp:post-content -->\r\n\r\n<!-- wp:heading --><\/h3>\r\n<h2>Vos donn\u00e9es personnelles collect\u00e9es<\/h2>\r\n<h3><!-- \/wp:heading -->\r\n\r\n<!-- wp:heading {\"level\":3} --><\/h3>\r\n<p>Pour les utilisateurs qui s\u2019enregistrent sur notre site, nous stockons les donn\u00e9es personnelles indiqu\u00e9es dans leur profil. Tous les utilisateurs peuvent voir, modifier ou supprimer leurs informations personnelles \u00e0 tout moment (\u00e0 l\u2019exception de leur nom d\u2019utilisateur). Les gestionnaires du site peuvent aussi voir et modifier ces informations.<\/p>\r\n<p>Les adh\u00e9rents au CQSLP remplissent un formulaire en ligne : les donn\u00e9es indiqu\u00e9es sur ce formulaire sont saisies et stock\u00e9es dans un fichier du site. Les b\u00e9n\u00e9voles du CQSLP gestionnaires du site peuvent voir et modifier ces informations.<\/p>\r\n<p>Les donn\u00e9es collect\u00e9es lors de l&rsquo;adh\u00e9sion sont conserv\u00e9es tant que l&rsquo;utilisateur est adh\u00e9rent au CQSLP et, s&rsquo;il ne renouvelle pas son adh\u00e9sion, pendant 3 ans.<\/p>\r\n<h3>Commentaires<\/h3>\r\n<h3><!-- \/wp:heading -->\r\n\r\n<!-- wp:paragraph --><\/h3>\r\n<p>Les visiteurs ne sont pas autoris\u00e9s \u00e0 laisser de commentaires sur ce site.<\/p>\r\n<h3><!-- \/wp:paragraph -->\r\n\r\n<!-- wp:heading {\"level\":3} --><\/h3>\r\n<h3>M\u00e9dias<\/h3>\r\n<h3><!-- \/wp:heading -->\r\n\r\n<!-- wp:paragraph --><\/h3>\r\n<p>Si vous \u00eates un utilisateur ou une utilisatrice enregistr\u00e9\u00b7e et que vous t\u00e9l\u00e9versez des images sur le site web, nous vous conseillons d\u2019\u00e9viter de t\u00e9l\u00e9verser des images contenant des donn\u00e9es EXIF de coordonn\u00e9es GPS. Les visiteurs de notre site web peuvent t\u00e9l\u00e9charger et extraire des donn\u00e9es de localisation depuis ces images.<\/p>\r\n<h3>Formulaires<\/h3>\r\n<p>Le CQSLP publie des formulaires en ligne pour que les visiteurs du site contactent les administrateurs de l&rsquo;association, s&rsquo;inscrivent \u00e0 la newsletter du site ou s&rsquo;inscrivent \u00e0 diff\u00e9rentes manifestations (vide-grenier, vide-dressing, bourse aux jouets, r\u00e9servations Th\u00e9\u00e2tre&#8230;). Les donn\u00e9es collect\u00e9es via ces formulaires sont stock\u00e9es pendant 2 ans.<\/p>\r\n<h3>Cookies<\/h3>\r\n<p>Si vous avez un compte et que vous vous connectez sur ce site, un cookie temporaire sera cr\u00e9\u00e9 afin de d\u00e9terminer si votre navigateur accepte les cookies. Il ne contient pas de donn\u00e9es personnelles et sera supprim\u00e9 automatiquement \u00e0 la fermeture de votre navigateur. Lorsque vous vous connecterez, nous mettrons en place un certain nombre de cookies pour enregistrer vos informations de connexion et vos pr\u00e9f\u00e9rences d\u2019\u00e9cran. La dur\u00e9e de vie d\u2019un cookie de connexion est de deux jours, celle d\u2019un cookie d\u2019option d\u2019\u00e9cran est d\u2019un an. Si vous cochez \u00ab\u00a0Se souvenir de moi\u00a0\u00bb, votre cookie de connexion sera conserv\u00e9 pendant deux semaines. Si vous vous d\u00e9connectez de votre compte, le cookie de connexion sera effac\u00e9.<\/p>\r\n<h2>Les droits que vous avez sur vos donn\u00e9es<\/h2>\r\n<p>Vous pouvez demander \u00e0 recevoir un fichier contenant toutes les donn\u00e9es personnelles que nous poss\u00e9dons \u00e0 votre sujet, incluant celles que vous nous avez fournies. Vous pouvez \u00e9galement demander la suppression des donn\u00e9es personnelles vous concernant. Cela ne prend pas en compte les donn\u00e9es stock\u00e9es \u00e0 des fins administratives, l\u00e9gales ou pour des raisons de s\u00e9curit\u00e9.<\/p>\r\n<h2>Utilisation de vos donn\u00e9es personnelles<\/h2>\r\n<p>Les donn\u00e9es personnelles recueillies sont utilis\u00e9es pour g\u00e9rer les activit\u00e9s propos\u00e9es par le CSLP \u00e0 ses adh\u00e9rents ainsi qu&rsquo;\u00e0 des fins statistiques.<\/p>\r\n<h2>Transmission de vos donn\u00e9es personnelles<\/h2>\r\n<p>Vos donn\u00e9es personnelles ne sont transmises \u00e0 aucun tiers.<\/p>\r\n<h2>H\u00e9bergement du site<\/h2>\r\n<p>Le site du CQSLP est h\u00e9berg\u00e9 par la soci\u00e9t\u00e9 OVH dont l&rsquo;adresse du site internet est : HTTPS:\/\/www.ovh.com<\/p>\r\n<h3>Comment nous prot\u00e9geons vos donn\u00e9es\u00a0<\/h3>\r\n<p>Mise en \u0153uvre par OVH\u00a0<\/p>\r\n<h3>Proc\u00e9dures mises en \u0153uvre en cas de fuite de donn\u00e9es<\/h3>\r\n<p>Mise en \u0153uvre par OVH\u00a0<\/p>","protected":false},"excerpt":{"rendered":"<p>Qui sommes-nous\u00a0? Ce site est celui du Comit\u00e9 de Quartier, Sports et Loisirs de Pouvourville et l\u2019adresse de notre site Web est : http:\/\/quartier-pouvourville.fr\/web. Vos donn\u00e9es personnelles collect\u00e9es Pour les utilisateurs qui s\u2019enregistrent sur notre site, nous stockons les donn\u00e9es personnelles indiqu\u00e9es dans leur profil. Tous les utilisateurs peuvent voir, modifier ou supprimer leurs informations [&hellip;]<\/p>\n","protected":false},"author":11,"featured_media":0,"parent":0,"menu_order":0,"comment_status":"closed","ping_status":"closed","template":"","meta":{"_acf_changed":false,"_lmt_disableupdate":"no","_lmt_disable":"","cybocfi_hide_featured_image":"","footnotes":""},"folder":[329],"class_list":["post-6581","page","type-page","status-publish","hentry"],"blocksy_meta":[],"acf":[],"_links":{"self":[{"href":"https:\/\/quartier-pouvourville.fr\/web\/wp-json\/wp\/v2\/pages\/6581","targetHints":{"allow":["GET"]}}],"collection":[{"href":"https:\/\/quartier-pouvourville.fr\/web\/wp-json\/wp\/v2\/pages"}],"about":[{"href":"https:\/\/quartier-pouvourville.fr\/web\/wp-json\/wp\/v2\/types\/page"}],"author":[{"embeddable":true,"href":"https:\/\/quartier-pouvourville.fr\/web\/wp-json\/wp\/v2\/users\/11"}],"replies":[{"embeddable":true,"href":"https:\/\/quartier-pouvourville.fr\/web\/wp-json\/wp\/v2\/comments?post=6581"}],"version-history":[{"count":2,"href":"https:\/\/quartier-pouvourville.fr\/web\/wp-json\/wp\/v2\/pages\/6581\/revisions"}],"predecessor-version":[{"id":66143,"href":"https:\/\/quartier-pouvourville.fr\/web\/wp-json\/wp\/v2\/pages\/6581\/revisions\/66143"}],"wp:attachment":[{"href":"https:\/\/quartier-pouvourville.fr\/web\/wp-json\/wp\/v2\/media?parent=6581"}],"wp:term":[{"taxonomy":"folder","embeddable":true,"href":"https:\/\/quartier-pouvourville.fr\/web\/wp-json\/wp\/v2\/folder?post=6581"}],"curies":[{"name":"wp","href":"https:\/\/api.w.org\/{rel}","templated":true}]}}