{"id":65857,"date":"2025-07-30T08:59:46","date_gmt":"2025-07-30T07:59:46","guid":{"rendered":"https:\/\/quartier-pouvourville.fr\/web\/?page_id=65857"},"modified":"2025-08-14T10:32:04","modified_gmt":"2025-08-14T09:32:04","slug":"inscription-au-cours-despagnol","status":"publish","type":"page","link":"https:\/\/quartier-pouvourville.fr\/web\/inscription-au-cours-despagnol\/","title":{"rendered":"Inscription au cours d&rsquo;espagnol"},"content":{"rendered":"<p>Le CQSLP et Clara CAST\u00c1N FRANCISCO vous proposent un <strong>cours d&rsquo;espagnol d\u00e9butant<\/strong> (Niveau A1)<\/p>\n<p>66 heures de cours<br \/>\nMardi de 10h \u00e0 12h dans la petite salle de la maison de quartier<br \/>\nMinimum 6 personnes \u2013 Maximum 12 personnes<br \/>\nCours test offert le 9 septembre<br \/>\nTarif horaire : 10\u20ac\/h<br \/>\nPaiement en septembre \/ janvier \/ avril<\/p>\n<ul>\n<li>1er trimestre : 11 s\u00e9ances \u2013 22 heures.<br \/>\nTarif : 220\u20ac<br \/>\ndu 16 septembre au 16 d\u00e9cembre (hors vacances de Toussaint)<\/li>\n<li>2e trimestre : 13 s\u00e9ances \u2013 26 heures.<br \/>\nTarif : 260\u20ac<br \/>\ndu 6 janvier au 14 avril (hors vacances d&rsquo;hiver)<\/li>\n<li>3e trimestre : 9 s\u00e9ances \u2013 18 heures.<br \/>\nTarif : 180\u20ac<br \/>\ndu 5 mai au 30 juin<\/li>\n<\/ul>\n<p><a href=\"https:\/\/www.helloasso.com\/associations\/comite-de-quartier-sports-et-loisirs-de-pouvourville\/adhesions\/espagnol-a1\" target=\"_blank\" rel=\"noopener\"><strong>Inscription et paiement en ligne<\/strong><\/a> sur HelloAsso<\/p>\n<p>Contact : <a href=\"mailto:georgina.griffiths23@gmail.com\" target=\"_blank\" rel=\"noreferrer noopener\">claracastanf@gmail.com<\/a><\/p>\n","protected":false},"excerpt":{"rendered":"<p>Le CQSLP et Clara CAST\u00c1N FRANCISCO vous proposent un cours d&rsquo;espagnol d\u00e9butant (Niveau A1) 66 heures de cours Mardi de 10h \u00e0 12h dans la petite salle de la maison de quartier Minimum 6 personnes \u2013 Maximum 12 personnes Cours test offert le 9 septembre Tarif horaire : 10\u20ac\/h Paiement en septembre \/ janvier \/ [&hellip;]<\/p>\n","protected":false},"author":11,"featured_media":0,"parent":0,"menu_order":0,"comment_status":"closed","ping_status":"closed","template":"","meta":{"_acf_changed":false,"_lmt_disableupdate":"no","_lmt_disable":"","cybocfi_hide_featured_image":"","footnotes":""},"folder":[316],"class_list":["post-65857","page","type-page","status-publish","hentry"],"blocksy_meta":[],"acf":[],"_links":{"self":[{"href":"https:\/\/quartier-pouvourville.fr\/web\/wp-json\/wp\/v2\/pages\/65857","targetHints":{"allow":["GET"]}}],"collection":[{"href":"https:\/\/quartier-pouvourville.fr\/web\/wp-json\/wp\/v2\/pages"}],"about":[{"href":"https:\/\/quartier-pouvourville.fr\/web\/wp-json\/wp\/v2\/types\/page"}],"author":[{"embeddable":true,"href":"https:\/\/quartier-pouvourville.fr\/web\/wp-json\/wp\/v2\/users\/11"}],"replies":[{"embeddable":true,"href":"https:\/\/quartier-pouvourville.fr\/web\/wp-json\/wp\/v2\/comments?post=65857"}],"version-history":[{"count":12,"href":"https:\/\/quartier-pouvourville.fr\/web\/wp-json\/wp\/v2\/pages\/65857\/revisions"}],"predecessor-version":[{"id":66141,"href":"https:\/\/quartier-pouvourville.fr\/web\/wp-json\/wp\/v2\/pages\/65857\/revisions\/66141"}],"wp:attachment":[{"href":"https:\/\/quartier-pouvourville.fr\/web\/wp-json\/wp\/v2\/media?parent=65857"}],"wp:term":[{"taxonomy":"folder","embeddable":true,"href":"https:\/\/quartier-pouvourville.fr\/web\/wp-json\/wp\/v2\/folder?post=65857"}],"curies":[{"name":"wp","href":"https:\/\/api.w.org\/{rel}","templated":true}]}}